 Let g = d - -25. Suppose -q + g = -21. Calculate the remainder when q is divided by 10.
9
Let v(b) = 7 - b + 7*b**2 - 19*b**2 + 0*b - b**3. Suppose w - 5*g + 9 + 3 = 0, 4*g = 0. What is the remainder when v(w) is divided by 7?
5
Suppose 149 = 5*s - 3*m, 4*s - 88 = -4*m + 44. What is the remainder when s is divided by 16?
15
Let h = -19 + 33. What is the remainder when 66 is divided by h?
10
Suppose -3*h = -5*x + 5 + 5, -3*x = -5*h - 6. Suppose g = -h*g - 1. What is the remainder when g/(3/(-42)) + 0 is divided by 8?
6
Let p = -5 + 7. Suppose 0 = p*i + 3*x - 152, -3*i + 164 + 64 = -2*x. What is the remainder when i is divided by 26?
24
Suppose 0 = 4*x - 5*x - 3, -5*k = -3*x - 344. Calculate the remainder when k is divided by 35.
32
Let b = 62 - 20. Suppose 2*d = -k + 3*d + 10, 5*d - 60 = -5*k. Calculate the remainder when b is divided by k.
9
Let n(z) = 2*z**2 - 5*z + 4. Let g(v) = -v**2 + 6*v + 4. Suppose 2*l - 4 = 2, -l + 8 = j. Calculate the remainder when n(4) is divided by g(j).
7
Let l(t) = -47*t + 5. Let y(z) = -23*z + 2. Let k(i) = -3*l(i) + 7*y(i). What is the remainder when k(-3) is divided by 12?
11
Let s(n) = 3*n**3 + 7*n**2 + 9*n + 72. Let b(u) = u**3 + 3*u**2 + 4*u + 36. Let m(i) = 7*b(i) - 3*s(i). Calculate the remainder when m(0) is divided by 19.
17
Suppose -4*r - 2*j = -32, -r + 4 = 3*j - 14. Let s = r - 1. Calculate the remainder when 76/6 - 1/(-3) is divided by s.
3
Suppose -10 = -3*b + 5*b. Let n(p) = -6*p + 7. Calculate the remainder when n(b) is divided by 13.
11
Let t = 21 + -30. Let q(a) = -a**3 - 8*a**2 + 7*a - 6. Suppose 30 = 2*c - 36. Calculate the remainder when c is divided by q(t).
9
Let z be 1/(2 + 13/(-6)). Let b = z - -10. What is the remainder when 31 is divided by (0 + -2)*(-22)/b?
9
Suppose -2*h + 45 = 5*v, 2*v = -h - 3*h + 98. Calculate the remainder when h is divided by 7.
4
Calculate the remainder when 0/2 + 16 + 4 is divided by 12.
8
Calculate the remainder when 22 is divided by (-40)/(-14)*(-91)/(-26).
2
Let y(d) be the third derivative of -d**5/60 - d**4/24 + d**3 + d**2. Let n be y(0). Suppose -3*m = -0*m - n. Calculate the remainder when 3 is divided by m.
1
Suppose q - 190 = -9*q. Let a(z) = z**3 + z**2 + z + 7. Calculate the remainder when q is divided by a(0).
5
Suppose -2*k + 3 + 27 = 0. What is the remainder when 27 is divided by k?
12
Suppose 4*c = c - 78. Let x = c - -47. Calculate the remainder when 62 is divided by x.
20
Let m(r) = -r**3 - 6*r**2 - 7*r. Calculate the remainder when 37 is divided by m(-5).
7
Suppose 0*v = v. Suppose -3*l + 66 + 66 = v. What is the remainder when l is divided by 15?
14
Let y(i) = -i**3 - 5*i**2 - 2*i - 7. Let s be y(-5). Suppose s*j + 2*n - 26 = 4*n, -5*n = 20. What is the remainder when j is divided by 3?
0
Let p(t) = -10*t + 25. Calculate the remainder when 19 is divided by p(2).
4
Suppose 4*o - 134 = 14. Suppose -3*z + 77 = -o. What is the remainder when z is divided by 13?
12
Suppose 3*l = l - 6, -6 = -3*k - l. What is the remainder when 0 + (-9)/k - -41 is divided by 20?
18
Let r be 20/11 - 8/(-44). Suppose -r = p - 8. Calculate the remainder when 39 is divided by ((-8)/p)/((-2)/21).
11
Suppose -5*l + 472 = 3*u, 321 = -3*u + 5*u - 3*l. Calculate the remainder when u is divided by 27.
24
Suppose -6*g + 3*g = -141. Suppose g = 2*c + 2*i - 7, -69 = -3*c + 3*i. Let s = 56 - 47. What is the remainder when c is divided by s?
7
Suppose -4*u + 1 = -5*g, -2*g - 5 = -g - 2*u. Suppose -3*o - h + 13 - 2 = 0, 2*o - 3*h = 11. Calculate the remainder when o is divided by g.
1
Let b = -18 + 35. Suppose -15*c - 18 = -b*c. Calculate the remainder when 42 is divided by c.
6
Let k be 103/(-7) + (-4)/14. Let z = -7 + 13. What is the remainder when ((-4)/3)/(2/k) is divided by z?
4
Let l = -29 + 64. Let j = 82 - l. Suppose -32 = -0*u - 2*u. Calculate the remainder when j is divided by u.
15
Let q(g) = -g + 6. Suppose 3*j + 20 = -j, -4*s - 62 = 2*j. Calculate the remainder when q(s) is divided by 10.
9
Calculate the remainder when 1*142*(-4 + 7 + -2) is divided by 12.
10
Let i = 10 + -14. Let a = -3 - i. What is the remainder when (-22*(-1)/a)/2 is divided by 6?
5
Let y(m) = -2*m**2 + 20*m - 3. What is the remainder when 55 is divided by y(8)?
26
Suppose -3*q = 0, -2*q - 268 + 83 = -5*k. Calculate the remainder when k is divided by 8.
5
Let f = 10 + -1. Calculate the remainder when -2 + -1 + 30 + -2 is divided by f.
7
Let p(v) = -39*v - 4. Let m be p(3). Let a = m + 169. Let o = -14 + a. Calculate the remainder when o is divided by 12.
10
Suppose 5*j - 48 = -j. Calculate the remainder when 20 is divided by j.
4
Suppose 0*w = 5*m + 3*w - 34, 3*m + 2*w = 20. Let f = m - -33. Calculate the remainder when f is divided by 22.
19
Suppose -2*j + 248 - 94 = 0. What is the remainder when j is divided by 10?
7
Let h(d) be the first derivative of -3*d - d**2 + 7/3*d**3 + 1/4*d**4 - 1. What is the remainder when h(-7) is divided by 6?
5
Let b = 26 + -15. Calculate the remainder when 19 is divided by b.
8
Let u be 8/28 - (-12)/7. Suppose a + u*w - 2 = 0, w - 3*w = 3*a - 6. Suppose -a*r + r = -31. What is the remainder when r is divided by 16?
15
Let i(s) = -66*s**3 + 2*s**2 - s - 2. What is the remainder when i(-1) is divided by 5?
2
Suppose -x = 3*x - 52. Suppose -4*v - 5*i = -32, x + 7 = -5*i. Calculate the remainder when 38 is divided by v.
12
Let g = 2 + -5. Let h = g - -3. Suppose h = -4*a + 2*c + 44, a + 4*c - 20 - 9 = 0. What is the remainder when 37 is divided by a?
11
Suppose -65 = -3*u + 4*g, 0 = 2*u - 4*g - 50. Calculate the remainder when 43 is divided by u.
13
Let b(a) be the first derivative of -7*a**2 - 1. What is the remainder when b(-1) is divided by 4?
2
Suppose -4*w = -w - 48. Let m be -8 - (-1 + 2)*1. Calculate the remainder when w is divided by 40/6 + 6/m.
4
Let w(x) be the first derivative of x**3/3 + 2*x**2 - 5*x - 3. Let y be w(-5). Let b = y + 7. Calculate the remainder when 18 is divided by b.
4
Let t(w) = 2*w**2 - 3*w - 3. Let r be t(3). Suppose -r*g = -2*g - 12. Suppose 0 = -2*q - 10, 4*b - q - 17 = b. What is the remainder when b is divided by g?
1
Suppose d + 3*d - 28 = 0. Suppose 0 = 4*b + d - 43. Calculate the remainder when 16 is divided by b.
7
Suppose 8*x = 5*x + 186. What is the remainder when x is divided by 16?
14
Suppose 3*z = 7*z - 28. Calculate the remainder when 25 is divided by z.
4
Let o(i) = -8*i. Let r = -2 - -10. Let x(l) = 24*l - 1. Let g(q) = r*o(q) + 3*x(q). Calculate the remainder when 49 is divided by g(2).
10
Suppose 0 = -3*a + 5*a - 18. Let d(m) = 3*m - 1. Calculate the remainder when d(a) is divided by 14.
12
What is the remainder when 74 is divided by 36 - (-1 + (-5)/5)?
36
Suppose 0 = j - 3 - 13. Let w(i) = -3*i - 2*i - 3 + 2*i. Calculate the remainder when j is divided by w(-4).
7
Suppose -7*n + 4 = -y - 12*n, 5*y + 3*n - 68 = 0. What is the remainder when 75 is divided by y?
11
Suppose -2*x + 0*x - 4 = 4*p, -3*p = 15. Let d = 10 + x. What is the remainder when d is divided by 7?
4
Suppose -14 = -3*j - 5. Calculate the remainder when 39/j*4/4 is divided by 5.
3
Calculate the remainder when -4 - 65/26*(1 - 131) is divided by 27.
24
Let n(z) = -z**3 + 9*z**2 + 7. Calculate the remainder when 12 is divided by n(9).
5
Let s = -89 + 130. Calculate the remainder when 203 is divided by s.
39
Let b(a) be the first derivative of a**4/4 - 4*a**3/3 + 3*a**2/2 - 1. Let v be b(3). Suppose 4*r - 4 + 0 = v. Calculate the remainder when 2 is divided by r.
0
Suppose 4*o - 141 = 79. What is the remainder when o is divided by 14?
13
Let v(q) = 2*q**3 - 6*q**2 + 5*q + 4. What is the remainder when v(3) is divided by 5?
4
Calculate the remainder when 2/3 - (-111)/9 is divided by (0 - -1 - 1/(-1)) + 2.
1
Let m(z) = z**2 + 2*z - 5. Let x(o) = 5*o + 1. Calculate the remainder when x(7) is divided by m(-6).
17
Let v = 10 - 3. Let o(b) = b + 2 - 3 + 2 - 4. Calculate the remainder when v is divided by o(6).
1
Let h = 4 - -3. Let g = h + 7. Calculate the remainder when 27 is divided by g.
13
Let w be 1/(-1 - 52/(-56)). Calculate the remainder when 58 is divided by (-414)/(-21) + (-4)/w.
18
Let j(o) = o**2 + 10*o. What is the remainder when 21 is divided by j(-11)?
10
Suppose -4*i + 0*i - 116 = -4*k, -2*i - 4 = 0. Suppose -5*h + 66 = -4*b, 4*b + 0*b + 38 =